 -15002?
5466
In base 14, what is 27b49 - -9d?
27c08
In base 7, what is 11 - 345625155?
-345625144
In base 5, what is -4 - 100034424103?
-100034424112
In base 2, what is -100001011 - -110001010101110010?
110001010001100111
In base 9, what is 3273133 + -361?
3272662
In base 14, what is c3c0c4a - 3?
c3c0c47
In base 8, what is -5 - -4452040?
4452033
In base 15, what is 52 + -3a5a67?
-3a5a15
In base 11, what is 36846 - 6039?
30808
In base 3, what is -1112 - -122102101221?
122102100102
In base 6, what is -1003 + 2542043?
2541040
In base 16, what is -2d543b9 + 3?
-2d543b6
In base 8, what is 2027034 + 1072?
2030126
In base 15, what is 1b95 + -850?
1345
In base 3, what is -2012 - 120202110011?
-120202112100
In base 9, what is -42 + 703410?
703357
In base 7, what is -1151 + -11126153?
-11130334
In base 13, what is -ac1 - 664?
-1455
In base 3, what is -10120111 + 12010201001?
12000010120
In base 5, what is -13032200 + -242?
-13032442
In base 6, what is 5 + -34342524?
-34342515
In base 12, what is 470 + 909a9?
91259
In base 6, what is -2525 - -3420321?
3413352
In base 3, what is 1121210 + -220111?
201022
In base 2, what is -11100100001000110101101011000 - 1?
-11100100001000110101101011001
In base 12, what is -1b354 - 81?
-1b415
In base 6, what is 515424110 + 0?
515424110
In base 11, what is -5a12 - 697?
-65a9
In base 14, what is 1b4a - 2986?
-c3a
In base 3, what is -12010211001 + -10200100?
-12021111101
In base 13, what is 32264 - 29?
32238
In base 10, what is -5531 - -911?
-4620
In base 16, what is -e + -5e011?
-5e01f
In base 5, what is 20043101023 - 10?
20043101013
In base 15, what is 7 - -7ded55?
7ded5c
In base 16, what is 2b8a - 1a34?
1156
In base 11, what is -1026816 + -23?
-1026839
In base 8, what is -10750563 + -144?
-10750727
In base 4, what is 33233321333 - -10101?
33233332100
In base 6, what is 202140 - 40345?
121351
In base 2, what is -11110 + -11100110010111101001011?
-11100110010111101101001
In base 9, what is -4203 + -66832?
-72135
In base 14, what is 2921 - 38d0?
-dad
In base 7, what is -2003 + 5511356?
5506353
In base 3, what is -2 - 112211220210020?
-112211220210022
In base 6, what is -302020305 + -10?
-302020315
In base 11, what is -1 - -25386395?
25386394
In base 10, what is -297773 - 5?
-297778
In base 3, what is -121210022220111 + -12?
-121210022220200
In base 16, what is a + a92de7?
a92df1
In base 2, what is 10111011001001010110001 - -1?
10111011001001010110010
In base 9, what is -137311152 + 3?
-137311148
In base 8, what is -7 - -1400026131?
1400026122
In base 2, what is 1 + -10010100000000011110?
-10010100000000011101
In base 15, what is 368e7 + -e9?
367ed
In base 14, what is 9690d - 127?
967c6
In base 13, what is -7 + 940b77?
940b70
In base 8, what is 5650 - 20445?
-12575
In base 10, what is -344 + -10911?
-11255
In base 7, what is -41214201536 - 2?
-41214201541
In base 8, what is 47 + -5773756?
-5773707
In base 12, what is -4 + 338096?
338092
In base 12, what is -1b2 - 252a48?
-25303a
In base 6, what is 0 + 13400243?
13400243
In base 14, what is -2a4 + b97?
8d3
In base 8, what is 66746 + -6753?
57773
In base 9, what is -40523 - -104?
-40418
In base 12, what is -a25481 - -5?
-a25478
In base 8, what is -2652 - -326510?
323636
In base 5, what is 12 - 124440030?
-124440013
In base 3, what is 1221010 + 1102022?
10100102
In base 10, what is -49618 + -451?
-50069
In base 12, what is 138b1279 - -4?
138b1281
In base 13, what is -3 - 40222?
-40225
In base 5, what is 230440233 + -21?
230440212
In base 14, what is -5dc - 8c9c?
-949a
In base 11, what is 3 - -1a78a4a?
1a78a52
In base 5, what is 23404002 + -124414?
23224033
In base 10, what is 12630 + 225?
12855
In base 6, what is -4151231152 - 1?
-4151231153
In base 12, what is 1 + -463a635?
-463a634
In base 14, what is 4d58 - -57?
4db1
In base 14, what is -3 + -cd956?
-cd959
In base 6, what is 502 - -23043430?
23044332
In base 14, what is 4d8b9b + 1c?
4d8bb9
In base 4, what is 100331 - -2103211132?
2103312123
In base 7, what is -2005 + 621?
-1054
In base 3, what is 2110221221 - -121022?
2111120020
In base 5, what is 1102 - -2343034?
2344141
In base 16, what is 0 - -2cbae18?
2cbae18
In base 8, what is 5526405 - 5?
5526400
In base 8, what is 703376 + -16?
703360
In base 12, what is -21 - 4694099?
-46940ba
In base 5, what is 4 + 1120334243?
1120334302
In base 3, what is -102 + -20022110012112?
-20022110012221
In base 16, what is 212 + 184d19?
184f2b
In base 11, what is 614 - 2306?
-17a2
In base 15, what is 25 - 68877?
-68852
In base 4, what is -3310 - 31000031?
-31010001
In base 10, what is 62818557 + 21?
62818578
In base 14, what is 9c87a43 + 1?
9c87a44
In base 13, what is 12 + -44aab?
-44a99
In base 12, what is -4 - -29a23a9?
29a23a5
In base 11, what is 3 - -332aa32?
332aa35
In base 15, what is -c4 - b2b4?
-b388
In base 11, what is 4320 - -15478?
19798
In base 4, what is -10202310122 - -2?
-10202310120
In base 9, what is -67 + 551416?
551338
In base 4, what is 2003032 + -21231?
1321201
In base 10, what is 482 + 815903?
816385
In base 12, what is -5b2a - 5a82?
-b9b0
In base 2, what is 11 + 1111101010110111000111010?
1111101010110111000111101
In base 7, what is 10512 - -363511?
404323
In base 14, what is -153485 - -3c?
-153447
In base 12, what is 9 + 296677b6?
29667803
In base 12, what is -1465b5b + 0?
-1465b5b
In base 16, what is 138e - 27489?
-260fb
In base 2, what is 1101010010100011 - 111110111?
1101001010101100
In base 11, what is -2595861 + -12?
-2595873
In base 8, what is -7301 - 110352?
-117653
In base 3, what is -11221122200 + 1002122?
-11220120001
In base 2, what is 11100101 + -1011111100000?
-1011011111011
In base 15, what is 19dcc00 - -1d?
19dcc1d
In base 10, what is -3 + -6518858?
-6518861
In base 4, what is -132 - 111233132?
-111233330
In base 14, what is 0 + 6c981a5?
6c981a5
In base 7, what is -140310161 + 152?
-140310006
In base 6, what is 20325 - 13240?
3045
In base 10, what is -20164 + 3802?
-16362
In base 15, what is b9b71d - 47?
b9b6c6
In base 14, what is 6 + -1561c1?
-1561b9
In base 11, what is 7712818 - 4?
7712814
In base 15, what is 3200387 + -2?
3200385
In base 2, what is 1101110000111000101100000 + 110?
1101110000111000101100110
In base 10, what is 14299 - -339?
14638
In base 3, what is -20110112100 + -1011?
-20110120111
In base 16, what is -4eed3d + -2?
-4eed3f
In base 14, what is 8cd3 - 7ac?
8525
In base 11, what is -5 - -701a261?
701a257
In base 4, what is -133311023303 + 2?
-133311023301
In base 10, what is 179222 - -1413?
180635
In base 4, what is 1100311300001112 - 0?
1100311300001112
In base 15, what is -1ed1d6 + -6?
-1ed1dc
In base 10, what is -79466 - 133?
-79599
In base 3, what is -121220201120201 + -2?
-121220201120210
In base 4, what is -11 + 201312221221?
201312221210
In base 5, what is -443024 + 12423?
-430101
In base 5, what is 240431 + 31404?
322340
In base 6, what is -1020 - -111322?
110302
In base 6, what is 103412215 - -1?
103412220
In base 4, what is 230 + -2230033301?
-2230033011
In base 11, what is 1 - -2790635?
2790636
In base 4, what is -21333223 - -1102?
-21332121
In base 14, what is -4 - -a1373c8?
a1373c4
In base 4, what is 13232 + 2221301?
2301133
In base 14, what is 1a00 - -2d79?
4979
In base 8, what is -1343 + -2265?
-3630
In base 14, what is -30ad - 938b?
-c45a
In base 8, what is -141777713 + -5?
-141777720
In base 9, what is 2362612 - -65?
2362677
In base 13, what is 9 - 7c3b0a?
-7c3b01
In base 15, what is 138 - 514a?
-5012
In base 3, what is -22111202 + -1022021?
-100211000
In base 3, what is 1121012020 - 11100?
1121000220
In base 15, what is -92ec - -6eb?
-8b01
In base 16, what is -59 + -20c35?
-20c8e
In base 10, what is 24443 + 18493?
42936
In base 13, what is -1 - 4a63709?
-4a6370a
In base 13, what is -5cc0 + 1505?
-47b8
In base 4, what is 11 - 133112311101?
-133112311030
In base 16, what is -130 - 8bda?
-8d0a
In base 13, what is 0 - -8522a9a?
8522a9a
In base 12, what is -371561 - -b2?
-37146b
In base 5, what is -220403341232 - -3?
-220403341224
In base 7, what is -23461 - 165263?
-222054
In base 11, what is -23368593 + 5?
-23368589
In base 15, what is -35b1b + 3d?
-35acd
In base 10, what is -7054264 + 1?
-7054263
In base 4, what is 31101330 + -31?
31101233
In base 4, what is 1002320110 - -2200?
1002322310
In base 14, what is -59 